se 16) in base 14?
-12c651
Convert -3035653 (base 7) to base 4.
-1120123111
What is -30223003010 (base 4) in base 15?
-4594a2
-202942 (base 14) to base 7
-12130212
-1132331431 (base 6) to base 10
-12718027
What is 5167142 (base 10) in base 13?
10bbba6
Convert -12404133 (base 5) to base 12.
-5aa16
What is -2413042 (base 5) in base 4?
-22323210
Convert -288899 (base 12) to base 8.
-2455365
Convert 12232130 (base 5) to base 9.
188517
-222223220312 (base 4) to base 14
-16b3794
b2a0c (base 13) to base 4
1032030023
What is 26037116 (base 8) in base 14?
aa779c
What is -1c28d (base 15) in base 12?
-450a4
Convert -163326 (base 10) to base 6.
-3300050
Convert 1010011010000011100 (base 2) to base 6.
11150444
Convert -110110010111000001 (base 2) to base 11.
-142316
What is -4301713 (base 9) in base 3?
-11100001210110
What is -6751384 (base 9) in base 14?
-6a9030
-3961472 (base 11) to base 15
-905ba7
Convert 220211 (base 4) to base 5.
40342
-12ab (base 12) to base 14
-ad5
Convert 1477055 (base 8) to base 15.
8612c
What is -1221211 (base 3) in base 16?
-592
-25354012 (base 6) to base 9
-1485068
Convert -33352353 (base 6) to base 12.
-4086b9
What is 12652015 (base 7) in base 10?
1172386
What is 10315304 (base 6) in base 10?
305752
Convert 20022120211 (base 3) to base 10.
124357
Convert -11001000110000001 (base 2) to base 6.
-2111505
8080 (base 11) to base 12
6268
What is -861232 (base 11) in base 7?
-14466043
Convert -15d60 (base 14) to base 4.
-31113300
Convert -2042044 (base 7) to base 3.
-110110221001
40799e (base 15) to base 5
1241011144
Convert d05e87 (base 16) to base 5.
11443440222
Convert -21067 (base 10) to base 13.
-9787
Convert -1262265 (base 7) to base 16.
-28a64
2399284 (base 10) to base 15
325d74
What is 87fd (base 16) in base 9?
52671
-1101001011001010011 (base 2) to base 8
-1513123
What is 14c5c (base 13) in base 2?
1001101000011110
Convert -2112103 (base 7) to base 2.
-111110010100001100
Convert 301500245 (base 6) to base 8.
23430605
What is 401571 (base 11) in base 6?
21503430
Convert -1da62 (base 16) to base 7.
-1014026
-33db7b (base 16) to base 15
-471e83
11233010112 (base 4) to base 3
2211101102120
103b10 (base 15) to base 2
10111100011110010110
Convert 150185 (base 9) to base 14.
25764
Convert -5de13 (base 16) to base 3.
-201112110220
What is 3304305 (base 8) in base 14?
19135b
-100210242 (base 5) to base 11
-25177a
8025386 (base 9) to base 5
2043043431
What is -13265536 (base 8) in base 4?
-23112231132
What is -341324330 (base 5) in base 8?
-5607457
Convert 19927 (base 14) to base 12.
31693
What is -1002201011220 (base 3) in base 15?
-b8410
256172 (base 9) to base 7
1215062
3546504 (base 9) to base 8
7247123
Convert 1813832 (base 10) to base 11.
1029839
What is -103346103 (base 7) in base 2?
-10111100100110000101011
-867365 (base 16) to base 3
-121120122220212
6050656 (base 8) to base 7
16355400
What is -35767157 (base 9) in base 4?
-1002213223321
Convert -4470948 (base 10) to base 2.
-10001000011100010100100
What is 468666 (base 12) in base 2?
100010100111110101110
2200021102 (base 3) to base 14
152b6
16b3b9 (base 14) to base 9
1447331
What is -18255170 (base 9) in base 8?
-43033505
Convert 69da (base 16) to base 12.
13822
What is -2038542 (base 11) in base 16?
-36e808
What is -30301 (base 15) in base 10?
-152551
Convert 3054352 (base 7) to base 8.
1313654
Convert -6122612 (base 7) to base 9.
-1330265
-11570313 (base 8) to base 3
-11210122200221
-1510641 (base 7) to base 2
-110001111001111000
Convert -11010011101101110101111 (base 2) to base 9.
-14043434
What is 30a321 (base 14) in base 3?
10002101202101
5563333 (base 9) to base 15
3e22d6
-12023021000 (base 4) to base 8
-6131100
Convert 2039655 (base 10) to base 11.
1173472
Convert -100020101011 (base 3) to base 16.
-2c623
What is 244255 (base 7) in base 9?
67317
-22303021033 (base 4) to base 5
-1211042202
Convert -10625d1 (base 14) to base 9.
-15546787
Convert 331579 (base 11) to base 3.
222212210020
-35a999 (base 14) to base 7
-21411352
What is 938471 (base 13) in base 15?
480e0e
Convert 210722 (base 8) to base 10.
70098
Convert -73d12c (base 14) to base 5.
-2000302144
What is 1312141 (base 6) in base 4?
101201131
37671a (base 12) to base 14
197154
What is 32d32 (base 14) in base 9?
207151
2220120212 (base 3) to base 6
1121122
Convert 1302123232 (base 4) to base 8.
1623356
What is 673072 (base 11) in base 15?
162d45
-71c7d (base 16) to base 12
-1a5851
Convert 340103302 (base 5) to base 9.
2717070
Convert -16446 (base 12) to base 10.
-31734
Convert 2f0e5a (base 16) to base 7.
35132602
What is 643341 (base 7) in base 4?
123100203
Convert -14472589 (base 10) to base 6.
-1234110421
161545301 (base 7) to base 8
51516452
-241643 (base 8) to base 12
-3bb43
What is -100010011001000000 (base 2) in base 16?
-22640
Convert 1100322302 (base 4) to base 11.
207021
112012111102 (base 3) to base 2
1000100010000010001
What is 16212051 (base 7) in base 16?
17e5de
What is 5401717 (base 8) in base 5?
332132032
What is 1b2269 (base 13) in base 16?
a886b
11033000011 (base 4) to base 11
857a23
Convert -1000201111211102 (base 3) to base 2.
-111000001100111010100110
-3461574 (base 8) to base 4
-3212031330
Convert -35bda4 (base 15) to base 9.
-4748331
-4c23 (base 16) to base 8
-46043
-134674 (base 13) to base 2
-1110001111110111001
31321111200 (base 4) to base 14
6ab744
What is -18702a3 (base 12) in base 11?
-2989429
Convert 10110001111111011101 (base 2) to base 15.
e6038
4042032 (base 5) to base 2
1111111011110011
-2204210332 (base 5) to base 9
-8850288
Convert b5db (base 14) to base 15.
9457
Convert 22010022 (base 4) to base 14.
1104a
-101101110000011011010 (base 2) to base 9
-2734648
d5297 (base 14) to base 16
7d675
Convert 1111011011110111110 (base 2) to base 8.
1733676
Convert 235b00 (base 12) to base 11.
35a35a
Convert -1317665 (base 8) to base 10.
-368565
Convert -497515 (base 11) to base 7.
-6452200
1110001000001001100 (base 2) to base 11
296890
Convert 2403201 (base 5) to base 8.
126220
What is -31c400 (base 13) in base 15?
-1817a5
Convert -11022110200212 (base 3) to base 4.
-20233230011
What is -304733 (base 12) in base 10?
-754455
What is 31d90 (base 14) in base 12?
599b6
What is -1000011111101010100 (base 2) in base 14?
-73628
Convert 27204 (base 11) to base 16.
97bd
-122304213 (base 6) to base 15
-3185d3
-47647 (base 16) to base 4
-1013121013
1213012 (base 5) to base 4
11211202
Convert a7064 (base 11) to base 8.
460225
Convert 42241413 (base 5) to base 4.
1112013131
Convert 30303211 (base 4) to base 13.
1ab4b
-1110110001101111001100 (base 2) to base 11
-2206442
Convert -84901 (base 12) to base 3.
-22211211001
Convert 103210120 (base 4) to base 16.
13918
Convert -1113130144 (base 5) to base 4.
-21123331013
Convert 299438 (base 11) to base 6.
13555051
Convert 115603 (base 7) to base 13.
9874
Convert -58049 (base 10) to base 13.
-20564
-11020211033 (base 4) to base 16
-14894f
What is 15a487 (base 12) in base 16?
5a727
-447607 (base 10) to base 16
-6d477
What is -1111000110110101000000 (base 2) in base 15?
-533588
Convert -18464 (base 16) to base 6.
-2044152
Convert 444252005 (base 6) to base 13.
1889b22
110fa36 (base 16) to base 9
36586226
65548 (base 9) to base 16
a9c4
-75945 (base 10) to base 7
-434262
-144625424 (base 7) to base 15
-ca56b2
What is -345152555 (base 6) in base 14?
-bcab8b
-11002022122 (base 3) to base 6
-1420155
Convert -773cc (base 13) to base 7.
-1556453
-1538a (base 13) to base 11
-281a6
Convert 5fef3 (base 16) to base 2.
1011111111011110011
Convert -21033110 (base 6) to base 2.
-10010101001100100010
Convert -1028641 (base 12) to base 16.
-2e6b91
What is 7240e (base 15) in base 14?
95d1d
3413542 (base 6) to base 15
364d2
-39e2c (base 16) to base 2
-111001111000101100
Convert -10111011011110 (base 3) to base 16.
-1c4736
What is -3531264 (base 7) in base 8?
-1544400
What is 222101201 (base 6) in base 13?
aa9caa
-482322 (base 9) to base 10
-290405
Convert 85013 (base 13) to base 5.
30130424
What is 30b3a0 (base 14) in base 15?
227359
-1c84c (base 13) to base 7
-323155
Convert -143700 (base 9) to base 8.
-253757
Convert 152580 (base 15) to base 12.
412693
Convert -2a49b (base 16) to base 12.
-842a3
-1343172 (base 8) to base 13
-103378
What is 1302583 (base 10) in base 13?
367b